 + u. What is r(w)?
4
Let i be ((27 - 8) + -11)*-1*1. Let r(z) = -z - 11. What is r(i)?
-3
Let c(k) = -22*k + 10*k - k - k**2 - 6 + 0*k**2. What is c(-13)?
-6
Suppose -2*h + h = 0. Let r(k) be the first derivative of -1/4*k**4 + 1/3*k**3 - 9*k - 1/2*k**2 + 14. Calculate r(h).
-9
Let c(d) be the second derivative of d**4/12 - 4*d**3/3 + d**2/2 - d - 18. Suppose g = 8 + 5. Suppose -w = -2*i - g, -25 = -2*w + 2*i - 5. Calculate c(w).
-6
Let p(u) = -u - 16. Let q(y) = 8*y + 73. Let z be q(-10). Calculate p(z).
-9
Suppose 6 = 3*s - 3*g + 15, 5*s - 4*g = -15. Let q(z) = 2 + 12*z + 10*z - 4 - 25*z. Give q(s).
7
Let i(z) be the first derivative of -2*z**4 + 1/3*z**3 + 0*z + 8 + 0*z**2. Suppose -6 = -2*g - 4. Give i(g).
-7
Let g(q) = -q**3 + q. Let a(m) = 11*m**3 + 2*m**2 - 7*m - 3. Let l(x) = a(x) + 4*g(x). What is l(-2)?
-45
Let q(n) = -2*n - 12. Suppose -27*w - 22 = -25*w + 5*z, -2*w + 2*z - 8 = 0. Calculate q(w).
0
Let q(n) = -n - 3. Let r be q(0). Let h = 5 + r. Let d(w) = -w - 1. Let t(i) = -11*i - 3. Let c(o) = 6*d(o) - t(o). Calculate c(h).
7
Let v(h) = h**2 - 33*h + 278. Let q be v(17). Let c(k) = 5*k + 1. Determine c(q).
31
Let h(j) = j**2 - 10*j + 12. Let x be h(9). Let g(k) be the second derivative of -1/12*k**4 + 5/6*k**3 + 0 - x*k - 3/2*k**2. Calculate g(5).
-3
Let x(w) = -w**2 + 17*w - 14. Let i(b) = 2*b**2 - 32*b + 29. Let j(u) = 3*i(u) + 5*x(u). What is j(10)?
7
Let a(o) = o**2 + 4*o - 7. Suppose 0 = -275*i + 271*i - 24. What is a(i)?
5
Let s(r) = 3*r**2 + 5*r + 3. Let j(v) = 6*v**2 + 11*v + 7. Let g(b) = -2*j(b) + 5*s(b). Let x be (-4 - (-5 + 7))/(4/2). What is g(x)?
19
Let u(k) = 3*k + 15. Let n = -369 - -362. Determine u(n).
-6
Let d(b) = b - 6 - 9 + 19. Calculate d(-3).
1
Let s(u) = u**2 - 9*u - 1. Let z(y) = 11*y + 184. Let b be z(-16). Calculate s(b).
-9
Let o be (6/(-5))/(16/(-40)). Let v(y) = -o*y - 3*y + 7*y + 2*y**2 - 1. What is v(2)?
9
Let q(w) be the second derivative of 26*w - 1/3*w**3 + 1/2*w**2 + 1/12*w**4 + 3/5*w**5 + 0. Suppose -4*z = 2*c + 18, -c - 2 - 12 = 3*z. Give q(c).
12
Let d(b) be the second derivative of b**5/20 - b**4/2 - 5*b**3/6 - 69*b. What is d(6)?
-30
Let l(q) = -q**3 + 7*q**2 - 1. Let i(n) = n**2 + 11*n. Let w be i(-11). Suppose -3*h + 21 = -w*h. Determine l(h).
-1
Let y(x) = 87 - x + 0*x + 80 - 163. Suppose w + 1 = -3. Give y(w).
8
Let h be 0 + ((-1)/2)/((-8)/144). Let z(x) = x**3 - 11*x**2 + 16*x + 20. Determine z(h).
2
Let p(l) = l + 2. Let a be (-2)/4*-5 - (-4)/(-8). Let d be (a - -22)/(-6) - 3. Give p(d).
-5
Let n(f) = 16*f**2 + 16*f - 90. Let i(w) = 3*w**2 + 3*w - 17. Let o(v) = -11*i(v) + 2*n(v). Give o(-3).
1
Let y(v) be the first derivative of v**5/120 + 3*v**4/8 - 41*v**3/3 - 53. Let g(t) be the third derivative of y(t). Give g(-14).
-5
Let a(h) = -4*h - 9. Let f be (-2)/(-4*7/56). What is a(f)?
-25
Let k(f) = 3*f**3 - 15*f**2 + 28*f + 14. Let r(d) = -8*d**3 + 43*d**2 - 85*d - 44. Let o(g) = 11*k(g) + 4*r(g). Give o(-10).
-2
Let c(y) be the second derivative of y**5/20 - y**4/3 - 2*y**3/3 + y**2 + y + 942. Suppose 6*i + 25 = 3*m + i, -5*m + 27 = -i. Give c(m).
7
Let i(b) be the third derivative of 1/6*b**4 + 1/60*b**5 - 1/2*b**3 + 0 + 0*b + 2*b**2. Let s = 680 + -678. What is i(s)?
9
Let s(x) = 83 + 26*x**3 - 25*x**3 - 75 - 5*x**2 - 7*x. Give s(6).
2
Let z(u) = 5*u**3 - 3*u**2 - u - 2. Let p be (-16)/(-20) - (-1)/5. Let a(f) = f**3 - f**2 - 1. Let i(l) = p*z(l) - 2*a(l). What is i(-1)?
-3
Let c(i) = 2*i + 6. Let r be 9/(-5)*(-30)/18. Suppose 6 = -r*w, 0 = -p - 0*w + w + 5. Suppose -4*h - 3*u - 4 = p, 2*u = 2*h + 14. What is c(h)?
-2
Let f be 38/(-10) - 2/10. Let h(p) be the second derivative of -1/20*p**5 + 5/6*p**3 + p**2 + 0 - 2*p - 1/4*p**4. What is h(f)?
-2
Let n(i) = i**3 - 5*i**2 - 4*i. Let g(t) be the second derivative of 2*t**3/3 - 23*t**2/2 - 18*t. Let s be g(7). Give n(s).
-20
Suppose -35*l = -2*l - 66. Let k(c) be the third derivative of -c**4/8 + c**3/3 + c**2. Calculate k(l).
-4
Let o(h) = h**3 - 9*h**2 + 9*h + 3. Let i = -343 + 351. What is o(i)?
11
Let n(f) = -f - 8. Let h be n(-12). Suppose h*r - 2*m + 2 = 0, 0 = r + m - 2 + 4. Let u(l) = 3*l**2 - l - 1. What is u(r)?
3
Suppose -6*m + 5*m + 2 = -w, 16 = -2*w - 4*m. Let b(p) = -p**2 - 5*p - 2. What is b(w)?
2
Let h be 10/96*(1 - (-483)/(-525)). Let q(g) be the third derivative of -h*g**6 + 1/6*g**4 + g**3 + 0 - 7*g**2 + 0*g + 1/15*g**5. Calculate q(5).
1
Let q(y) = -y. Let a be q(-4). Let i(v) = -v**3 + 5*v**2 - 5*v + 2. Calculate i(a).
-2
Let b(w) = -w + 5. Let i = 22 - 29. Let g = -1 + i. Give b(g).
13
Suppose -5*k + 13 = a + 3, -a = -5*k. Suppose -2*l + 11 = k. Let u(c) = c**3 + 2*c**2 - 11*c - 3*c**2 - 3 + 13*c - 4*c**2. What is u(l)?
7
Let k = 20 - 17. Let z(h) = 11 - h + h**k - 5 + 11. Give z(0).
17
Suppose 4*m = m. Let s(j) = j - 3*j**2 + 0*j**2 + m*j**2. Suppose -4*p + 9 = 2*u - 3*u, -p + 6 = -u. Determine s(p).
-2
Let w(n) = n**2 - 4*n - 2. Let s = -55 + 56. Let d be (s - 5)/20 + 62/10. Give w(d).
10
Let g(h) = h - 3. Suppose 294*m = 293*m + 2. Calculate g(m).
-1
Suppose 0 = -17*t + 12*t. Let l(b) = -b**3 + b**2 - b + 19. Determine l(t).
19
Suppose 2*y = -3*y + 10. Let i(u) = u - 7. Let w be i(5). Let j be 2/w + (y - 1). Let s(l) = l - 10. Calculate s(j).
-10
Let k be (-1)/1 + 300/(8 - 2). Let a(y) = -k*y - 1 - 41*y + 91*y. Give a(-3).
-4
Suppose y = -2*y + 117. Suppose -3 + 12 = 3*l, -4*c = -5*l + y. Let t(m) be the second derivative of m**4/12 + 3*m**3/2 + 5*m**2/2 - 3*m. Give t(c).
-13
Let u = 1751 - 1758. Let w(b) = b**2 + 3*b - 30. Calculate w(u).
-2
Let k(t) be the third derivative of t**5/15 + t**4/24 - 3*t**2 - 105. Let j be 1 - -2*(-2 + 1). Calculate k(j).
3
Let r(y) be the third derivative of -y**9/60480 + y**8/4032 - y**7/1680 - y**5/10 - 16*y**2. Let c(l) be the third derivative of r(l). Calculate c(4).
4
Let q be (-13)/((-13)/6) + -4. Let m(x) = 3 - 2 - 4*x + 3*x**2 - 4*x**q. Determine m(-3).
4
Let a(k) = k**2 + k - 3. Let g = 2 + -8. Let j(q) = -q**2 - 8*q - 14. Let b be j(g). Let s be (b - -2)/(2 - 5). Calculate a(s).
-3
Let c(u) = -3 - u**2 + u**2 - 2*u**2 + u**2 - 4*u. Suppose 0 = 3*v - 6*v - 9. Let q be 23/(-4) + (39/(-12) - v). Calculate c(q).
-15
Let b(i) = 2*i**3 - 7*i**2 + 11*i - 9. Let w(q) = -q**3 + 7*q**2 - 11*q + 2. Let y(d) = 2*b(d) + 3*w(d). Suppose -4*t - 16 = -2*t. What is y(t)?
12
Let s(d) = -22*d - 30. Let w(b) = -17*b - 30. Let p(g) = 3*s(g) - 4*w(g). Calculate p(-14).
2
Suppose -x + 3*a = 0, 4*a - 13 + 6 = -x. Let f(o) = -3 + 11*o**2 + 6*o**2 - 16*o**2 - x*o. What is f(3)?
-3
Let q be (-3)/9*180/12. Let w(b) = -b**2 - 6*b + 2. Determine w(q).
7
Let w be (3/2)/((-268)/(-136) - 2). Let t = 55 + w. Let z(o) = o**3 - 6*o**2 + 3*o + 2. What is z(t)?
-18
Let q(l) = 2*l**3 + l**2 - 4*l - 3. Suppose 4*j - 20 = -0*j. Suppose -2*t - 3*t - 5*d + 95 = 0, -4*t + 3*d + 48 = 0. Suppose t = -5*z + j. Give q(z).
-7
Let a(r) = 12*r**2 - 8*r + 4. Let l be a(1). Let m(x) = -x**3 + 9*x**2 - 9*x + 12. Calculate m(l).
4
Let p(j) be the third derivative of j**4/24 + 4*j**3/3 + 25*j**2 - 2. What is p(-10)?
-2
Let i = 33/17 + -1963/1020. Let h(t) be the third derivative of 0 - 8*t**2 - 1/2*t**3 + i*t**5 + 0*t**4 + 0*t. Determine h(0).
-3
Let a(u) = 6. Let n(o) = 15*o - 13. Let y(k) = -2*a(k) - n(k). Calculate y(1).
-14
Let v(q) = -q + 11. Let u be v(8). Let j be (5/10)/((-1)/4)*-2. Let x(h) = -j*h + 8*h + u - 2*h. Calculate x(-2).
-1
Let v(h) be the third derivative of -h**6/60 + h**5/15 - h**4/24 - h**3/3 - 4*h**2 - 16*h. What is v(3)?
-23
Let b(h) be the third derivative of -3/2*h**3 + 0 - 7/60*h**5 + 4*h**2 + 0*h + 5/12*h**4 + 1/120*h**6. Give b(6).
15
Let l(v) be the first derivative of v**4/4 - v**2/2 - 687. What is l(-2)?
-6
Suppose 0 = 37*j - 191 - 105. Let o(g) = -g**3 + 9*g**2 - 9*g + 3. Determine o(j).
-5
Let j(r) = 13*r - 1. Let y be ((-6)/4)/(57/(-38)). Let a(k) = -3*k**2 + 2. Let z be a(y). Calculate j(z).
-14
Let p(t) = t**3 - t**2 + 4*t - 7. Let y(j) = j - 1. Let h(a) = p(a) - 3*y(a). Let s be (30/5 - 0) + -6. Give h(s).
-4
Suppose -a = 2*n - 5, -10 = -4*n - n. Let y(v) = -5*v**2 + v. Let q be y(a). Let t(l) = 7 + 3*l - 2 + 1. Give t(q).
-6
Let q(m) be the first derivative of -m**3/3 + 15*m + 355. What is q(0)?
15
Let j(n) = 129*n**3 - 3 + 0 + 0*n**2 - 7*n**2 + 0*n**2 - 130*n**3. Give j(-7).
